{"id":1360,"date":"2023-04-28T08:40:16","date_gmt":"2023-04-28T06:40:16","guid":{"rendered":"https:\/\/swiss-pol.ch\/?page_id=1360"},"modified":"2023-04-28T15:47:18","modified_gmt":"2023-04-28T13:47:18","slug":"qui-sonne-nous","status":"publish","type":"page","link":"https:\/\/swiss-pol.ch\/?page_id=1360&lang=fr","title":{"rendered":"Qui sommes nous"},"content":{"rendered":"\t\t<div data-elementor-type=\"wp-page\" data-elementor-id=\"1360\" class=\"elementor elementor-1360\">\n\t\t\t\t\t\t<section class=\"elementor-section elementor-top-section elementor-element elementor-element-f91d843 elementor-section-boxed elementor-section-height-default elementor-section-height-default\" data-id=\"f91d843\" data-element_type=\"section\">\n\t\t\t\t\t\t<div class=\"elementor-container elementor-column-gap-no\">\n\t\t\t\t\t<div class=\"elementor-column elementor-col-66 elementor-top-column elementor-element elementor-element-ae2bbdb\" data-id=\"ae2bbdb\" data-element_type=\"column\">\n\t\t\t<div class=\"elementor-widget-wrap elementor-element-populated\">\n\t\t\t\t\t\t<div class=\"elementor-element elementor-element-6828115 elementor-widget elementor-widget-heading\" data-id=\"6828115\" data-element_type=\"widget\" data-widget_type=\"heading.default\">\n\t\t\t\t<div class=\"elementor-widget-container\">\n\t\t\t\t\t<h5 class=\"elementor-heading-title elementor-size-default\">Qui sommes nous<\/h5>\t\t\t\t<\/div>\n\t\t\t\t<\/div>\n\t\t\t\t<div class=\"elementor-element elementor-element-bebd7bc elementor-widget elementor-widget-heading\" data-id=\"bebd7bc\" data-element_type=\"widget\" data-widget_type=\"heading.default\">\n\t\t\t\t<div class=\"elementor-widget-container\">\n\t\t\t\t\t<h1 class=\"elementor-heading-title elementor-size-default\">Swiss-Pol Mamagment SA, assiste, informe et soutient les entrepreneurs.<\/h1>\t\t\t\t<\/div>\n\t\t\t\t<\/div>\n\t\t\t\t<div class=\"elementor-element elementor-element-ffaa868 elementor-widget elementor-widget-heading\" data-id=\"ffaa868\" data-element_type=\"widget\" data-widget_type=\"heading.default\">\n\t\t\t\t<div class=\"elementor-widget-container\">\n\t\t\t\t\t<h4 class=\"elementor-heading-title elementor-size-default\">Notre fiduciaire, fournit des services dans les domaines de la comptabilit\u00e9, de la TVA, des RH, des salaires et de la fiscalit\u00e9.<\/h4>\t\t\t\t<\/div>\n\t\t\t\t<\/div>\n\t\t\t\t<div class=\"elementor-element elementor-element-1054bdf elementor-widget elementor-widget-text-editor\" data-id=\"1054bdf\" data-element_type=\"widget\" data-widget_type=\"text-editor.default\">\n\t\t\t\t<div class=\"elementor-widget-container\">\n\t\t\t\t\t\t\t\t\t<p>Nous soutenons et conseillons les entreprises polonaises qui s\u2019installent en Suisse en mati\u00e8re de comptabilit\u00e9, de fiscalit\u00e9, de finances et de structures organisationnelles.<\/p><p>Nous sommes sp\u00e9cialis\u00e9s dans les services de comptabilit\u00e9 pour les soci\u00e9t\u00e9s commerciales polonaises et suisses.<\/p><p>Gr\u00e2ce \u00e0 notre exp\u00e9rience, \u00e0 nos comp\u00e9tences et \u00e0 notre connaissance des sp\u00e9cificit\u00e9s du syst\u00e8me comptable suisse, nos clients peuvent \u00eatre assur\u00e9s que leurs questions financi\u00e8res\/comptables sont en de bonnes mains.<\/p><p>Le client et la confiance qu\u2019il nous accorde, sont la base d\u2019un partenariat qui est une valeur en soi.<\/p><p>Nous savons que la bonne organisation de la coop\u00e9ration d\u00e9pend de la compr\u00e9hension des besoins et de la recherche de solutions appropri\u00e9es, en tenant compte bien \u00e9videmment des caract\u00e9ristiques et des exigences individuelles.<\/p>\t\t\t\t\t\t\t\t<\/div>\n\t\t\t\t<\/div>\n\t\t\t\t<div class=\"elementor-element elementor-element-5f8d4de elementor-widget elementor-widget-heading\" data-id=\"5f8d4de\" data-element_type=\"widget\" data-widget_type=\"heading.default\">\n\t\t\t\t<div class=\"elementor-widget-container\">\n\t\t\t\t\t<h4 class=\"elementor-heading-title elementor-size-default\">NOS VALEURS SONT : la pr\u00e9cision, la modernit\u00e9, une relation bas\u00e9e sur la confiance. Ceci est notre devise dans une relation prestataire\/client.<\/h4>\t\t\t\t<\/div>\n\t\t\t\t<\/div>\n\t\t\t\t<div class=\"elementor-element elementor-element-c7e9a5b elementor-widget elementor-widget-text-editor\" data-id=\"c7e9a5b\" data-element_type=\"widget\" data-widget_type=\"text-editor.default\">\n\t\t\t\t<div class=\"elementor-widget-container\">\n\t\t\t\t\t\t\t\t\t<p>Nous proposons des solutions adapt\u00e9es \u00e0 chaque situation.<\/p>\t\t\t\t\t\t\t\t<\/div>\n\t\t\t\t<\/div>\n\t\t\t\t\t<\/div>\n\t\t<\/div>\n\t\t\t\t<div class=\"elementor-column elementor-col-33 elementor-top-column elementor-element elementor-element-47b3f62\" data-id=\"47b3f62\" data-element_type=\"column\">\n\t\t\t<div class=\"elementor-widget-wrap elementor-element-populated\">\n\t\t\t\t\t\t<div class=\"elementor-element elementor-element-501909c elementor-widget elementor-widget-image\" data-id=\"501909c\" data-element_type=\"widget\" data-widget_type=\"image.default\">\n\t\t\t\t<div class=\"elementor-widget-container\">\n\t\t\t\t\t\t\t\t\t\t\t\t\t\t\t\t<a href=\"#\">\n\t\t\t\t\t\t\t<img fetchpriority=\"high\" decoding=\"async\" width=\"2048\" height=\"1365\" src=\"https:\/\/swiss-pol.ch\/wp-content\/uploads\/2023\/02\/pexels-oleksandr-pidvalnyi-12956000-2048x1365.jpg\" class=\"attachment-2048x2048 size-2048x2048 wp-image-1168\" alt=\"efekt-wspolpracy-z-firma\" srcset=\"https:\/\/swiss-pol.ch\/wp-content\/uploads\/2023\/02\/pexels-oleksandr-pidvalnyi-12956000-2048x1365.jpg 2048w, https:\/\/swiss-pol.ch\/wp-content\/uploads\/2023\/02\/pexels-oleksandr-pidvalnyi-12956000-300x200.jpg 300w, https:\/\/swiss-pol.ch\/wp-content\/uploads\/2023\/02\/pexels-oleksandr-pidvalnyi-12956000-1024x683.jpg 1024w, https:\/\/swiss-pol.ch\/wp-content\/uploads\/2023\/02\/pexels-oleksandr-pidvalnyi-12956000-768x512.jpg 768w, https:\/\/swiss-pol.ch\/wp-content\/uploads\/2023\/02\/pexels-oleksandr-pidvalnyi-12956000-1536x1024.jpg 1536w\" sizes=\"(max-width: 2048px) 100vw, 2048px\" \/>\t\t\t\t\t\t\t\t<\/a>\n\t\t\t\t\t\t\t\t\t\t\t\t\t\t\t<\/div>\n\t\t\t\t<\/div>\n\t\t\t\t\t<\/div>\n\t\t<\/div>\n\t\t\t\t\t<\/div>\n\t\t<\/section>\n\t\t\t\t<\/div>\n\t\t","protected":false},"excerpt":{"rendered":"<p>Qui sommes nous Swiss-Pol Mamagment SA, assiste, informe et soutient les entrepreneurs. Notre fiduciaire, fournit des services dans les domaines de la comptabilit\u00e9, de la TVA, des RH, des salaires et de la fiscalit\u00e9. Nous soutenons et conseillons les entreprises polonaises qui s\u2019installent en Suisse en mati\u00e8re de comptabilit\u00e9, de fiscalit\u00e9, de finances et de [&hellip;]<\/p>\n","protected":false},"author":1,"featured_media":0,"parent":0,"menu_order":0,"comment_status":"closed","ping_status":"closed","template":"","meta":{"site-sidebar-layout":"no-sidebar","site-content-layout":"page-builder","ast-site-content-layout":"default","site-content-style":"default","site-sidebar-style":"default","ast-global-header-display":"","ast-banner-title-visibility":"","ast-main-header-display":"","ast-hfb-above-header-display":"","ast-hfb-below-header-display":"","ast-hfb-mobile-header-display":"","site-post-title":"disabled","ast-breadcrumbs-content":"disabled","ast-featured-img":"disabled","footer-sml-layout":"","ast-disable-related-posts":"","theme-transparent-header-meta":"default","adv-header-id-meta":"","stick-header-meta":"","header-above-stick-meta":"","header-main-stick-meta":"","header-below-stick-meta":"","astra-migrate-meta-layouts":"default","ast-page-background-enabled":"default","ast-page-background-meta":{"desktop":{"background-color":"","background-image":"","background-repeat":"repeat","background-position":"center center","background-size":"auto","background-attachment":"scroll","background-type":"","background-media":"","overlay-type":"","overlay-color":"","overlay-opacity":"","overlay-gradient":""},"tablet":{"background-color":"","background-image":"","background-repeat":"repeat","background-position":"center center","background-size":"auto","background-attachment":"scroll","background-type":"","background-media":"","overlay-type":"","overlay-color":"","overlay-opacity":"","overlay-gradient":""},"mobile":{"background-color":"","background-image":"","background-repeat":"repeat","background-position":"center center","background-size":"auto","background-attachment":"scroll","background-type":"","background-media":"","overlay-type":"","overlay-color":"","overlay-opacity":"","overlay-gradient":""}},"ast-content-background-meta":{"desktop":{"background-color":"var(--ast-global-color-5)","background-image":"","background-repeat":"repeat","background-position":"center center","background-size":"auto","background-attachment":"scroll","background-type":"","background-media":"","overlay-type":"","overlay-color":"","overlay-opacity":"","overlay-gradient":""},"tablet":{"background-color":"var(--ast-global-color-5)","background-image":"","background-repeat":"repeat","background-position":"center center","background-size":"auto","background-attachment":"scroll","background-type":"","background-media":"","overlay-type":"","overlay-color":"","overlay-opacity":"","overlay-gradient":""},"mobile":{"background-color":"var(--ast-global-color-5)","background-image":"","background-repeat":"repeat","background-position":"center center","background-size":"auto","background-attachment":"scroll","background-type":"","background-media":"","overlay-type":"","overlay-color":"","overlay-opacity":"","overlay-gradient":""}},"_themeisle_gutenberg_block_has_review":false,"footnotes":""},"class_list":["post-1360","page","type-page","status-publish","hentry"],"_links":{"self":[{"href":"https:\/\/swiss-pol.ch\/index.php?rest_route=\/wp\/v2\/pages\/1360","targetHints":{"allow":["GET"]}}],"collection":[{"href":"https:\/\/swiss-pol.ch\/index.php?rest_route=\/wp\/v2\/pages"}],"about":[{"href":"https:\/\/swiss-pol.ch\/index.php?rest_route=\/wp\/v2\/types\/page"}],"author":[{"embeddable":true,"href":"https:\/\/swiss-pol.ch\/index.php?rest_route=\/wp\/v2\/users\/1"}],"replies":[{"embeddable":true,"href":"https:\/\/swiss-pol.ch\/index.php?rest_route=%2Fwp%2Fv2%2Fcomments&post=1360"}],"version-history":[{"count":14,"href":"https:\/\/swiss-pol.ch\/index.php?rest_route=\/wp\/v2\/pages\/1360\/revisions"}],"predecessor-version":[{"id":1387,"href":"https:\/\/swiss-pol.ch\/index.php?rest_route=\/wp\/v2\/pages\/1360\/revisions\/1387"}],"wp:attachment":[{"href":"https:\/\/swiss-pol.ch\/index.php?rest_route=%2Fwp%2Fv2%2Fmedia&parent=1360"}],"curies":[{"name":"wp","href":"https:\/\/api.w.org\/{rel}","templated":true}]}}

<div data-elementor-type="wp-page" data-elementor-id="1360" class="elementor elementor-1360">
						<section class="elementor-section elementor-top-section elementor-element elementor-element-f91d843 elementor-section-boxed elementor-section-height-default elementor-section-height-default" data-id="f91d843" data-element_type="section">
						<div class="elementor-container elementor-column-gap-no">
					<div class="elementor-column elementor-col-66 elementor-top-column elementor-element elementor-element-ae2bbdb" data-id="ae2bbdb" data-element_type="column">
			<div class="elementor-widget-wrap elementor-element-populated">
						<div class="elementor-element elementor-element-6828115 elementor-widget elementor-widget-heading" data-id="6828115" data-element_type="widget" data-widget_type="heading.default">
				<div class="elementor-widget-container">
					<h5 class="elementor-heading-title elementor-size-default">Qui sommes nous</h5>				</div>
				</div>
				<div class="elementor-element elementor-element-bebd7bc elementor-widget elementor-widget-heading" data-id="bebd7bc" data-element_type="widget" data-widget_type="heading.default">
				<div class="elementor-widget-container">
					<h1 class="elementor-heading-title elementor-size-default">Swiss-Pol Mamagment SA, assiste, informe et soutient les entrepreneurs.</h1>				</div>
				</div>
				<div class="elementor-element elementor-element-ffaa868 elementor-widget elementor-widget-heading" data-id="ffaa868" data-element_type="widget" data-widget_type="heading.default">
				<div class="elementor-widget-container">
					<h4 class="elementor-heading-title elementor-size-default">Notre fiduciaire, fournit des services dans les domaines de la comptabilité, de la TVA, des RH, des salaires et de la fiscalité.</h4>				</div>
				</div>
				<div class="elementor-element elementor-element-1054bdf elementor-widget elementor-widget-text-editor" data-id="1054bdf" data-element_type="widget" data-widget_type="text-editor.default">
				<div class="elementor-widget-container">
									<p>Nous soutenons et conseillons les entreprises polonaises qui s’installent en Suisse en matière de comptabilité, de fiscalité, de finances et de structures organisationnelles.</p><p>Nous sommes spécialisés dans les services de comptabilité pour les sociétés commerciales polonaises et suisses.</p><p>Grâce à notre expérience, à nos compétences et à notre connaissance des spécificités du système comptable suisse, nos clients peuvent être assurés que leurs questions financières/comptables sont en de bonnes mains.</p><p>Le client et la confiance qu’il nous accorde, sont la base d’un partenariat qui est une valeur en soi.</p><p>Nous savons que la bonne organisation de la coopération dépend de la compréhension des besoins et de la recherche de solutions appropriées, en tenant compte bien évidemment des caractéristiques et des exigences individuelles.</p>								</div>
				</div>
				<div class="elementor-element elementor-element-5f8d4de elementor-widget elementor-widget-heading" data-id="5f8d4de" data-element_type="widget" data-widget_type="heading.default">
				<div class="elementor-widget-container">
					<h4 class="elementor-heading-title elementor-size-default">NOS VALEURS SONT : la précision, la modernité, une relation basée sur la confiance. Ceci est notre devise dans une relation prestataire/client.</h4>				</div>
				</div>
				<div class="elementor-element elementor-element-c7e9a5b elementor-widget elementor-widget-text-editor" data-id="c7e9a5b" data-element_type="widget" data-widget_type="text-editor.default">
				<div class="elementor-widget-container">
									<p>Nous proposons des solutions adaptées à chaque situation.</p>								</div>
				</div>
					</div>
		</div>
				<div class="elementor-column elementor-col-33 elementor-top-column elementor-element elementor-element-47b3f62" data-id="47b3f62" data-element_type="column">
			<div class="elementor-widget-wrap elementor-element-populated">
						<div class="elementor-element elementor-element-501909c elementor-widget elementor-widget-image" data-id="501909c" data-element_type="widget" data-widget_type="image.default">
				<div class="elementor-widget-container">
																<a href="#">
							<img fetchpriority="high" decoding="async" width="2048" height="1365" src="https://swiss-pol.ch/wp-content/uploads/2023/02/pexels-oleksandr-pidvalnyi-12956000-2048x1365.jpg" class="attachment-2048x2048 size-2048x2048 wp-image-1168" alt="efekt-wspolpracy-z-firma" srcset="https://swiss-pol.ch/wp-content/uploads/2023/02/pexels-oleksandr-pidvalnyi-12956000-2048x1365.jpg 2048w, https://swiss-pol.ch/wp-content/uploads/2023/02/pexels-oleksandr-pidvalnyi-12956000-300x200.jpg 300w, https://swiss-pol.ch/wp-content/uploads/2023/02/pexels-oleksandr-pidvalnyi-12956000-1024x683.jpg 1024w, https://swiss-pol.ch/wp-content/uploads/2023/02/pexels-oleksandr-pidvalnyi-12956000-768x512.jpg 768w, https://swiss-pol.ch/wp-content/uploads/2023/02/pexels-oleksandr-pidvalnyi-12956000-1536x1024.jpg 1536w" sizes="(max-width: 2048px) 100vw, 2048px" />								</a>
															</div>
				</div>
					</div>
		</div>
					</div>
		</section>
				</div>

<p>Qui sommes nous Swiss-Pol Mamagment SA, assiste, informe et soutient les entrepreneurs. Notre fiduciaire, fournit des services dans les domaines de la comptabilité, de la TVA, des RH, des salaires et de la fiscalité. Nous soutenons et conseillons les entreprises polonaises qui s’installent en Suisse en matière de comptabilité, de fiscalité, de finances et de [&hellip;]</p>
